?
3
What is the hundreds digit of 4664?
6
What is the hundreds digit of 212?
2
What is the thousands digit of 1229?
1
What is the units digit of 2500?
0
What is the tens digit of 20144?
4
What is the tens digit of 172772?
7
What is the hundreds digit of 43302?
3
What is the hundreds digit of 836?
8
What is the hundreds digit of 3449?
4
What is the units digit of 127?
7
What is the tens digit of 2287?
8
What is the hundreds digit of 185?
1
What is the thousands digit of 18058?
8
What is the tens digit of 623?
2
What is the tens digit of 3272?
7
What is the units digit of 11489?
9
What is the units digit of 3010?
0
What is the ten thousands digit of 17363?
1
What is the thousands digit of 34447?
4
What is the hundreds digit of 399?
3
What is the ten thousands digit of 11176?
1
What is the units digit of 142274?
4
What is the tens digit of 40168?
6
What is the hundreds digit of 1484?
4
What is the tens digit of 1041?
4
What is the ten thousands digit of 11491?
1
What is the tens digit of 15160?
6
What is the thousands digit of 22589?
2
What is the hundreds digit of 103896?
8
What is the hundreds digit of 988?
9
What is the hundreds digit of 3447?
4
What is the thousands digit of 101088?
1
What is the hundreds digit of 39687?
6
What is the units digit of 18034?
4
What is the hundreds digit of 336?
3
What is the units digit of 55221?
1
What is the units digit of 308?
8
What is the thousands digit of 13157?
3
What is the units digit of 815?
5
What is the hundreds digit of 246?
2
What is the units digit of 1903?
3
What is the tens digit of 434?
3
What is the tens digit of 9404?
0
What is the hundreds digit of 2430?
4
What is the tens digit of 7210?
1
What is the hundreds digit of 1047?
0
What is the hundreds digit of 41789?
7
What is the hundreds digit of 258?
2
What is the thousands digit of 70261?
0
What is the tens digit of 78?
7
What is the hundreds digit of 752?
7
What is the hundreds digit of 218?
2
What is the thousands digit of 11145?
1
What is the tens digit of 96856?
5
What is the units digit of 2365?
5
What is the units digit of 124996?
6
What is the ten thousands digit of 37729?
3
What is the thousands digit of 1036?
1
What is the units digit of 94499?
9
What is the thousands digit of 1666?
1
What is the units digit of 97?
7
What is the tens digit of 1046?
4
What is the hundreds digit of 28922?
9
What is the hundreds digit of 1969?
9
What is the thousands digit of 11764?
1
What is the hundreds digit of 8353?
3
What is the units digit of 20154?
4
What is the units digit of 48484?
4
What is the hundreds digit of 4495?
4
What is the thousands digit of 2795?
2
What is the units digit of 9657?
7
What is the hundreds digit of 511?
5
What is the hundreds digit of 1337?
3
What is the hundreds digit of 3756?
7
What is the tens digit of 5943?
4
What is the units digit of 52798?
8
What is the units digit of 978?
8
What is the units digit of 2477?
7
What is the tens digit of 3131?
3
What is the tens digit of 4983?
8
What is the hundreds digit of 811?
8
What is the hundreds digit of 139?
1
What is the thousands digit of 29213?
9
What is the tens digit of 559?
5
What is the tens digit of 1257?
5
What is the tens digit of 1029?
2
What is the hundreds digit of 1300?
3
What is the thousands digit of 1210?
1
What is the units digit of 61306?
6
What is the ten thousands digit of 42769?
4
What is the hundreds digit of 681?
6
What is the hundreds digit of 2500?
5
What is the ten thousands digit of 13033?
1
What is the hundreds digit of 447?
4
What is the ten thousands digit of 53374?
5
What is the tens digit of 1601?
0
What is the units digit of 3732?
2
What is the hundreds digit of 428?
4
What is the ten thousands digit of 18331?
1
What is the units digit of 57639?
9
What is the hundreds digit of 1234?
2
What is the thousands digit of 3724?
3
What is the units digit of 61765?
5
What is the tens digit of 2826?
2
What is the hundreds digit of 37878?
8
What is the hundreds digit of 673?
6
What is the tens digit of 2549?
4
What is the hundreds digit of 1189?
1
What is the units digit of 4756?
6
What is the units digit of 760?
0
What is the tens digit of 581?
8
What is the tens digit of 86072?
7
What is the ten thousands digit of 90021?
9
What is the units digit of 9769?
9
What is the hundreds digit of 3591?
5
What is the hundreds digit of 11534?
5
What is the tens digit of 157?
5
What is the tens digit of 903?
0
What is the tens digit of 1405?
0
What is the units digit of 187?
7
What is the ten thousands digit of 20953?
2
What is the units digit of 76?
6
What is the hundreds digit of 1385?
3
What is the thousands digit of 5958?
5
What is the thousands digit of 5886?
5
What is the tens digit of 163?
6
What is the tens digit of 746?
4
What is the units digit of 32032?
2
What is the units digit of 15849?
9
What is the thousands digit of 1064?
1
What is the tens digit of 840?
4
What is the tens digit of 3314?
1
What is the units digit of 27468?
8
What is the hundred thousands digit of 161645?
1
What is the hundreds digit of 4059?
0
What is the hundreds digit of 2513?
5
What is the units digit of 1645?
5
What is the units digit of 340?
0
What is the thousands digit of 1609?
1
What is the tens digit of 22083?
8
What is the tens digit of 4957?
5
What is the units digit of 1051?
1
What is the units digit of 1154?
4
What is the thousands digit of 8984?
8
What is the hundreds digit of 219?
2
What is the tens digit of 1098?
9
What is the thousands digit of 2305?
2
What is the tens digit of 73005?
0
What is the hundreds digit of 1144?
1
What is the hundreds digit of 24778?
7
What is the units digit of 517?
7
What is the tens digit of 14055?
5
What is the units digit of 166?
6
What is the units digit of 13061?
1
What is the hundreds digit of 32771?
7
What is the thousands digit of 15178?
5
What is the tens digit of 57?
5
What is the tens digit of 33460?
6
What is the thousands digit of 1631?
1
What is the tens digit of 11869?
6
What is the ten thousands digit of 29904?
2
What is the hundreds digit of 28852?
8
What is the ten thousands digit of 40302?
4
What is the thousands digit of 124370?
4
What is the tens digit of 1648?
4
What is the thousands digit of 129164?
9
What is the thousands digit of 25780?
5
What is the thousands digit of 2017?
2
What is the units digit of 979?
9
What is the thousands digit of 1616?
1
What is the tens digit of 3693?
9
What is the hundreds digit of 2847?
8
What is the ten thousands digit of 43219?
4
What is the hundreds digit of 10030?
0
What is the hundreds digit of 17452?
4
What is the tens digit of 661?
6
What is the tens digit of 3793?
9
What is the tens digit of 2317?
1
What is the tens digit of 22652?
5
What is the units digit of 9794?
4
What is the thousands digit of 2347?
2
What is the tens digit of 4586?
8
What is the ten thousands digit of 42648?
4
What is the units digit of 2448?
8
What is the tens digit of 928?
2
What is the tens digit of 2390?
9
What is the hundreds digit of 3082?
0
What is the tens digit of 3969?
6
What is the hundreds digit of 435?
4
What is the units digit of 19136?
6
What is the hundreds digit of 1161?
1
What is the units digit of 9904?
4
What is the units digit of 8010?
0
What is the units digit of 16929?
9
What is the thousands digit of 4139?
4
What is the tens digit of 6681?
8
What is the hundreds digit of 83887?
8
What is the tens digit of 2223?
2
What is the thousands digit of 7062?
7
What is the thousands digit of 65454?
5
What is the tens digit of 6610?
1
What is the tens digit of 42333?
3
What is the units digit of 729?
9
What is the thousands digit of 3449?
3
What is the thousands digit of 7629?
7
What is the thousands digit of 52818?
2
What is the tens digit of 2407?
0
What is the units digit of 16261?
1
What is the thousands digit of 15627?
5
What is the thousands digit of 36912?
6
What is the units digit of 2030?
0
What is the hundreds digit of 1421?
4
What is the thousands digit of 1710?
1
What is the thousands digit of 36788?
6
What is the ten thousands digit of 56630?
5
What is the thousands digit of 28169?
8
What is the units digit of 1977?
7
What is the thousands digit of 11043?
1
What is the hundreds digit of 2017?
0
What is the hundreds digit of 55157?
1
What is the hundreds digit of 4116